 a(n) = -n**3 + 15*n**2 - 25*n - 7. Determine a(13).
6
Let i(z) = z**3 + 2*z**2 + 2*z + 12. Give i(-3).
-3
Let i(n) = -n**3 + 5*n**2 - 2*n - 16. Calculate i(5).
-26
Let a(n) = n**3 + 8*n**2 - 4. Calculate a(-8).
-4
Let a(s) = 8*s**2 - 5*s + 4. What is a(1)?
7
Let i(l) = 8*l - 15. Determine i(4).
17
Let r(w) = -w**2 - 9*w - 14. What is r(5)?
-84
Let r(o) = 8*o - 12. What is r(-8)?
-76
Let s(u) = -2*u**2 + 25*u + 2. Determine s(13).
-11
Let l(z) = -2*z**2 - 22*z - 5. Give l(-11).
-5
Let a(q) = 30*q**2 + 4*q - 2. What is a(1)?
32
Let m(r) = -6*r**3 - 2*r**2 - 3*r + 2. Determine m(1).
-9
Let c(k) = 18*k**2 + k - 1. Determine c(1).
18
Let a(l) = l**2 - 13*l + 13. What is a(10)?
-17
Let w(g) = -15*g**2 - 2*g - 2. Calculate w(-2).
-58
Let t(b) = b**3 - 7*b**2 - b + 2. Give t(5).
-53
Let r(h) = 5*h**2 + 159*h - 35. What is r(-32)?
-3
Let t(x) = -24*x**2 - 4*x - 1. What is t(2)?
-105
Let g(n) = -n**3 + 2*n**2 - 2*n - 2. Calculate g(-2).
18
Let y(i) = -i**3 + 7*i**2 - 4*i + 8. Calculate y(6).
20
Let u(k) = k**3 + 4*k**2 + 4*k. Determine u(-4).
-16
Let o(t) = -18*t + 2. What is o(3)?
-52
Let l(v) = -42*v + 380. What is l(9)?
2
Let c(y) = 2*y**2 + 3*y - 4. What is c(3)?
23
Let c(n) = 3*n**2 + 15*n - 11. Calculate c(-8).
61
Let l(p) = -6*p**3 + 44*p**2 - 47*p - 8. Determine l(6).
-2
Let w(y) = -2*y**3 - 7*y**2 - 5. What is w(-5)?
70
Let w(l) = l**2 + 17*l - 55. What is w(-19)?
-17
Let o(h) = -h + 8. What is o(2)?
6
Let q(f) = -4*f - 104. What is q(-17)?
-36
Let x(k) = -6*k + 49. What is x(5)?
19
Let j(a) = 10*a + 246. Give j(-25).
-4
Let s(o) = o - 7. Give s(10).
3
Let z(p) = -2*p**3 - 39*p**2 + 63*p - 7. Give z(-21).
-7
Let k(l) = 45*l + 16. Determine k(-3).
-119
Let g(o) = o**3 + 13*o**2 + 9*o - 29. Calculate g(-12).
7
Let d(a) = 34*a + 241. Calculate d(-7).
3
Let k(b) = -4*b - 73. Calculate k(-26).
31
Let z(y) = -y**3 - 11*y**2 + 25*y + 4. Give z(-13).
17
Let f(v) = 118*v + 475. Determine f(-4).
3
Let j(n) = n**2 - 17*n + 92. Calculate j(8).
20
Let d(n) = -30*n + 153. What is d(6)?
-27
Let o(k) = -k + 24. Give o(21).
3
Let m(f) = f**3 + 26*f**2 - 54*f + 15. What is m(-28)?
-41
Let h(k) = k**3 + 4*k**2 + 3*k - 1. Give h(-4).
-13
Let y(p) = -11*p**2 + 4*p - 2. Give y(2).
-38
Let r(h) = h**2 + 24*h + 70. Give r(-21).
7
Let l(s) = -s**3 - 28*s**2 - 24*s + 58. Calculate l(-27).
-23
Let n(z) = 8*z**2 + 2*z + 1. Give n(2).
37
Let f(u) = 25*u + 41. Calculate f(-2).
-9
Let j(u) = u**3 + 8*u**2 + 12*u + 1. Calculate j(-6).
1
Let w(q) = 14*q**2 - 1. Give w(3).
125
Let p(x) = -8*x - 37. Calculate p(12).
-133
Let c(y) = -y**3 + y + 1. Determine c(2).
-5
Let p(y) = -y + 12. Determine p(0).
12
Let v(j) = j**2 + 3*j - 16. What is v(-5)?
-6
Let k(a) = -a**2 - 5*a + 4. Calculate k(-6).
-2
Let z(j) = 2*j + 14. Calculate z(9).
32
Let x(m) = m**2 + 23*m + 81. Determine x(-4).
5
Let z(q) = -4*q**2 - 20*q - 11. Give z(-5).
-11
Let j(s) = 2*s**2 - 11*s - 2. Determine j(9).
61
Let l(p) = -p**2 + 21*p - 91. Determine l(17).
-23
Let p(o) = 2*o**2 - 12*o - 11. Determine p(7).
3
Let s(b) = -2*b**2 + 6*b + 17. Give s(-2).
-3
Let b(o) = -7*o - 40. Calculate b(4).
-68
Let d(x) = -46*x**2 - 2*x - 1. Give d(-1).
-45
Let p(f) = 4*f + 85. Calculate p(-20).
5
Let c(x) = -11*x + 5. Determine c(3).
-28
Let k(h) = -9*h - 45. Calculate k(-4).
-9
Let q(d) = d - 3. Give q(3).
0
Let s(f) = f**3 - 8*f**2 + 5*f + 11. Determine s(7).
-3
Let h(c) = 14*c + 150. What is h(-10)?
10
Let l(n) = -8*n**3 + 5*n**2 + 5*n + 1. Give l(-2).
75
Let s(y) = -59*y**3 - y**2 - y + 1. Calculate s(1).
-60
Let i(q) = q + 6. What is i(-15)?
-9
Let w(q) = 6*q - 16. Determine w(5).
14
Let z(g) = -g**3 - 11*g**2 - 6*g + 6. Calculate z(-10).
-34
Let n(f) = -f**3 - 6*f**2 - 14*f - 22. Give n(-2).
-10
Let g(p) = p - 5. Give g(10).
5
Let p(c) = c**2 + 74*c - 224. Determine p(3).
7
Let y(f) = -8*f**3 + 4*f**2 + f - 1. What is y(2)?
-47
Let x(t) = -t**3 - 11*t**2 - 11*t + 9. Determine x(-9).
-54
Let p(w) = -w**3 + 33*w**2 - 3*w + 101. Give p(33).
2
Let j(y) = -y**3 - 9*y**2 - 16*y - 4. Give j(-7).
10
Let p(g) = -g**3 - 5*g**2 - 11*g + 15. What is p(1)?
-2
Let f(o) = -o + 1. Give f(-6).
7
Let y(u) = -2*u**2 + 45*u - 154. Determine y(4).
-6
Let n(l) = 2*l + 19. What is n(-6)?
7
Let f(w) = w**2 + 25*w - 114. What is f(-29)?
2
Let n(b) = -b + 5. Give n(4).
1
Let g(r) = 5*r**2 + 4*r + 3. What is g(-1)?
4
Let w(u) = 67*u + 137. Calculate w(-2).
3
Let t(h) = h**2 - 9*h - 16. Determine t(-3).
20
Let y(n) = 5*n - 3. Determine y(-5).
-28
Let y(p) = -p**2 - 11*p + 51. Determine y(-13).
25
Let f(i) = -9*i + 2. Give f(1).
-7
Let x(g) = g**3 - 4*g**2 - 5*g + 8. Determine x(5).
8
Let c(g) = -g**2 - 5*g + 14. Determine c(-5).
14
Let r(j) = -j**2 + 4*j - 4. Calculate r(5).
-9
Let h(g) = -g**3 + 4*g**2 - 5*g + 23. Give h(4).
3
Let s(o) = -13*o + 6. Give s(1).
-7
Let r(c) = 19*c - 425. Determine r(22).
-7
Let n(h) = 118*h - 597. Determine n(5).
-7
Let r(o) = 6*o + 3. What is r(-2)?
-9
Let y(b) = -b**3 + 41*b**2 + 86*b + 10. Calculate y(43).
10
Let w(x) = x**3 + 5*x**2 + x + 1. Determine w(-6).
-41
Let y(p) = -2*p - 8. Determine y(-4).
0
Let n(w) = -w**2 + 21*w - 100. What is n(13)?
4
Let b(r) = 2*r**3 + 32*r**2 + 4*r + 10. Calculate b(-16).
-54
Let p(s) = -57*s**2 + s. Calculate p(-1).
-58
Let u(w) = -w**3 + w - 7. Calculate u(-3).
17
Let p(l) = -11*l + 1. Calculate p(-6).
67
Let p(s) = s**3 + 6*s**2 + 8*s + 5. Determine p(-5).
-10
Let v(q) = -q**3 + 3*q**2 + 6*q + 6. Calculate v(5).
-14
Let h(z) = z**2 + 3*z - 3. Determine h(-5).
7
Let v(m) = 6*m + 34. Calculate v(-7).
-8
Let k(d) = -d**2 - 7*d + 2. Determine k(4).
-42
Let p(k) = k**3 - 6*k**2 + 6*k + 5. Give p(4).
-3
Let c(n) = -8*n - 59. Calculate c(-7).
-3
Let d(o) = -9*o + 2. Give d(3).
-25
Let n(m) = m**2 + 18*m - 47. Determine n(-20).
-7
Let a(w) = w**2 - 4*w - 21. What is a(7)?
0
Let g(h) = h**3 + 5*h**2 + 2*h + 6. What is g(-5)?
-4
Let o(b) = -b + 13. Calculate o(0).
13
Let g(x) = -18*x + 4. What is g(2)?
-32
Let q(i) = i**2 - 22*i - 50. Calculate q(23).
-27
Let i(a) = a**3 - 12*a**2 - 16*a + 40. What is i(13)?
1
Let w(y) = 3*y + 18. Give w(-7).
-3
Let t(f) = -f**2 + 9. Determine t(-5).
-16
Let m(z) = -7*z**2 - 17*z - 17. Give m(-1).
-7
Let c(p) = -p**2 + 8*p - 8. Determine c(3).
7
Let z(l) = l**3 - 10*l**2 + 10*l - 4. Give z(9).
5
Let w(r) = -r**3 + 11*r**2 + 8*r + 2. What is w(12)?
-46
Let f(r) = r**3 - 3*r**2 - 4*r + 3. Give f(3).
-9
Let c(t) = -t**3 + 12*t**2 - 11*t + 16. Determine c(11).
16
Let b(a) = -10*a - 1. Calculate b(1).
-11
Let b(p) = -p**3 + 5*p**2 + 10*p - 6. Determine b(7).
-34
Let i(n) = n**3 + n**2 + n - 3. Calculate i(-2).
-9
Let m(f) = -31*f**2 + 6. What is m(1)?
-25
Let o(m) = -m**3 + 9*m**2 - 12*m + 36. Calculate o(8).
4
Let t(d) = d**3 - 14*d**2 - 13*d - 33. Calculate t(15).
-3
Let v(r) = -15*r**3 - 3*r**2 + 8*r + 10. What is v(-1)?
14
Let u(t) = -3*t - 144. Determine u(-46).
-6
Let n(h) = -h**3 + 2*h**2 - 5*h + 3. Calculate n(2).
-7
Let h(g) = -g**2 - 10*g - 44. Give h(-10).
-44
Let f(i) = -2*i**2 + 30*i - 9. Determine f(12).
63
Let p(q) = 4*q - 7. Give p(4).
9
Let i(n) = n**3 + n**2 - 8. Give i(0).
-8
Let r(d) = -32*d - 280. Give r(-9).
8
Let x(q) = -q**3 + 16*q**2 - 2*q + 25. Determine x(16).
-7
Let v(h) = -h**3 + 2*h**2 - 3*h. Determine v(-2).
22
Let m(a) = -6*a**2 - 3*a + 4. Calculate m(1).
-5
Let k(w) = -3*w - 45. Calculate k(-13).
-6
Let t(h) = -h**3 + 42*h**2 + h - 41. Give t(42).
1
Let o(z) = z**2 + 21*z - 26. Give o(-21).
-26
Let k(h) = -6*h + 114. Calculate k(0).
114
Let h(m) = m**2 + m - 4. Determine h(-3).
2
Let r(t) = -12*t + 93. Calculate r(12).
-51
Let j(l) = -8*l - 29. Determine j(-7).
27
Let q(u) = -18*u + 65. Determine q(8).
-79
Let w(d) = 5*d**2 - 26*d - 5. Calculate w(7).
58
Let i(z) = -z**2 - 10*z - 11. Give i(-8).
5
Let x(d) = -d**2 + 3*d - 13. What is x(-6)?
-67
Let r(n) = n**3 + 22*n**2 - n + 29. Determine r(-22).
51
Let z(c) = -2*c + 16. What is z(7)?
2
Let u(r) = r**3 + 12*r**2 + 17*r + 65. Determine u(-11).
-1
Let r(x) = -x**2 + 2*x. Calculate r(3).
-3
Let j(g) = -g**2 + 19*g - 92. Determine j(12).
-8
Let j(k) = -k**2 - 2*k - 3. Determine j(-2).
-3
Let r(k) = 2*k**3 + 3*k**2 + 5*k + 7. What is r(-4)?
-93
Let g(a) = a**3 + 6*a**2 + 3*a - 6. What is g(-6)?
-24
Let d(t) = -t**2 + 3*t + 19. Calculate d(-11).
-135
Let n(m) = -m**2 + 6*m + 